 Let p = 53 + o. What are the prime factors of p?
83
Let j(v) = 18 + 16 + 7 + v**2 - 63. Let l be j(-5). Suppose 0 = l*h + 3*o - 8*o - 439, -o = -h + 143. List the prime factors of h.
2, 3, 23
Let i(n) be the third derivative of -13*n**4/12 + 11*n**3/6 - 2*n**2 + 2*n. What are the prime factors of i(-6)?
167
Let o(m) = 35*m**2 - 107*m - 304. List the prime factors of o(46).
2, 127, 271
Let m be 416/18 + 58/(-522). Suppose 314 = 5*s - 2*k, -4*k = s - 2*s + 52. Let r = s - m. List the prime factors of r.
41
Let l = 21758 - 18537. What are the prime factors of l?
3221
Suppose -51*j + 90896 = -25*j. What are the prime factors of 788/1379 - (j/(-7) + 0)?
2, 5
Let x be -87*(-78)/(-81) + 12/(-54). Let j = x + 243. What are the prime factors of j?
3, 53
Suppose -5*q + 93 - 28 = 0. Suppose 16*p = q*p + 129. What are the prime factors of p?
43
Let g(y) = y**2 + 2*y - 20. Let r be g(10). Let v = r + -95. Suppose -49 + 259 = v*x. List the prime factors of x.
2, 3, 7
Let c(x) = -2*x**2 + 70*x - 61. Let a be c(34). List the prime factors of (-1 - -556) + (-1 - a)/4.
7, 79
What are the prime factors of -8 - 47764*2*((-13)/(-2))/(-13)?
2, 11939
What are the prime factors of (132/10)/(144/120 - (-25956)/(-21640))?
2, 11, 541
Suppose 2*i - 4 - 188 = 0. Let z = i + -36. Let f = z - 36. What are the prime factors of f?
2, 3
Let g(y) = -y - 16. Let s be g(-6). Let v(j) = 6 - 7*j + 1 + j - 4. List the prime factors of v(s).
3, 7
Suppose -5*s = -4*b + 7, -b + 4*s = 35 - 34. Suppose 4*v + 1137 = t + v, v = -b*t + 3441. List the prime factors of t.
2, 3, 191
Let h = 0 + 2. Let f(j) = 2*j**3 - 33*j**2 + 10*j + 99. Let o be f(16). Suppose -3*x = -2*c - 2*c + 69, -57 = -h*c - o*x. List the prime factors of c.
3, 7
Let x(s) = -s**3 + 10*s**2 + 9*s + 27. Let w be x(11). Let k(z) = 25*z**2 + 5*z**3 - 13*z**2 - 4*z**3 - 4*z**2 + w + 4*z. What are the prime factors of k(-6)?
53
Suppose 0 = -260*v + 88*v + 4150016. List the prime factors of v.
2, 13, 29
Suppose -678*j = -672*j - 4098. List the prime factors of j.
683
Suppose -2*y + 3*x - 1 = -2, 2*y = -5*x + 9. Let z be 4*y*3/(-12). Let g(s) = 44*s**2 - 11*s. List the prime factors of g(z).
2, 3, 11
Let k = -449 - -685. Let t = k + 268. List the prime factors of t.
2, 3, 7
Suppose -38*b = -40*b - 2*n + 55114, 27563 = b - 2*n. What are the prime factors of b?
7, 31, 127
Suppose 13*h - 33369 = 23610. List the prime factors of h.
3, 487
Suppose 336 = -11*q + 7*q. Let r(h) = h + 7. Let m be r(7). List the prime factors of (-2 + m/(-3))/(8/q).
2, 5, 7
Suppose -3*h + 12 = 0, 0 = 2*d + 4*h + 550 - 19788. List the prime factors of d.
7, 1373
Let f be ((-42)/4)/((-18)/60). Let i be (-58)/(-8) + -2 + (-3)/12. Suppose -i*r = -540 + f. List the prime factors of r.
101
Let x(c) = -c - 450 + 450. List the prime factors of x(-25).
5
Let p = 191 - 29. Let a = p + 134. List the prime factors of a.
2, 37
Suppose 0 = 16*m - 9*m - 4039. Suppose -y = -m + 185. List the prime factors of y.
2, 7
Suppose -13*n = -15*n - 2*w + 34076, -n = -5*w - 16996. List the prime factors of n.
3, 7, 811
Let d(s) = -14038*s - 266. What are the prime factors of d(-1)?
2, 11, 313
Suppose -4*z - 2430 = -48894. What are the prime factors of z?
2, 3, 11
Let x = 1356 - 679. Suppose 2*b = -3*k + x, -354 = -2*k - 2*b + 94. List the prime factors of k.
229
List the prime factors of (-28452)/(-5) + -11 - (36/(-10) + 3).
2, 5, 71
Suppose -43*w - 19526 = -17*w. Let m = w - -1453. What are the prime factors of m?
2, 3, 13
Let n = 30 + 66. Suppose 643 = 2*u - 5*f, -2*f - 225 = -u + n. List the prime factors of u.
11, 29
Suppose 0 = r + 147 - 9227. Suppose r = 13*c + 565. List the prime factors of c.
5, 131
Let u(b) = -3*b + 17. Let d be u(4). Let m be (0 + d)*-2*5/(-10). Suppose -4*p + 774 = 3*z - z, z - 969 = -m*p. List the prime factors of p.
2, 97
Suppose -10*d + 17*d - 5*d - 16966 = 0. What are the prime factors of d?
17, 499
Suppose -42 = 71*a - 85*a. List the prime factors of (-1)/(-2) + a + (-11295)/(-10).
11, 103
Let s = -1744 - -11336. What are the prime factors of s?
2, 11, 109
Let s(l) = -13*l**2 - 21*l + 17. Let p be s(7). Let u = p + 1112. List the prime factors of u.
3, 5, 23
Suppose 6*s + 350 = 38. Let x = s - -37. List the prime factors of -228*(2 + x/6).
2, 3, 19
Let u = -32 - -28. Let q be u/(-10) + 3143/(-105)*-6. List the prime factors of 1/(q/(-183) - -1).
61
Suppose 0 = 49*o - 30*o - 199006. Suppose -1762 + o = 9*q. List the prime factors of q.
2, 11
Let c(h) = 215 + 7*h + 2*h - 8*h - 30. What are the prime factors of c(-29)?
2, 3, 13
Let b(f) = -3*f**3 - 263*f**2 + 1105*f + 106. List the prime factors of b(-92).
2, 3, 157
Suppose -2*v - 5*c + 28995 + 7474 = 0, -4*v + 72911 = c. List the prime factors of v.
11, 1657
Let a(l) = 41*l**3 - 33*l**2 + 84*l + 22. List the prime factors of a(10).
2, 3, 6427
Let s be 6 - (3 + -7 - -47). List the prime factors of (-29 - s)/(4/262).
2, 131
Suppose 99*m = 98*m + 4. Let j(l) = 10*l**3 + 8*l**2 - 15*l + 5. List the prime factors of j(m).
23, 31
What are the prime factors of (-3)/2 - -2 - 4 - (-4039650)/300?
2, 53, 127
Let t(s) = 482*s**2 + 68*s - 185. What are the prime factors of t(3)?
4357
List the prime factors of ((-26)/(-104) + (-291)/(-36))*(-237)/(-1).
5, 79
Let q(b) = b**2 - b. Let i(u) = u**3 - u**2 + 311. Let l(w) = i(w) - q(w). List the prime factors of l(0).
311
Let l(w) = 3*w**2 + 30*w + 5. Let n be l(-10). Suppose n*x = 1378 + 422. What are the prime factors of x?
2, 3, 5
List the prime factors of (-6629)/(-10*21/210).
7, 947
Let p = -89662 - -143984. List the prime factors of p.
2, 157, 173
Let a = -355 - -700. Let i = a - -149. List the prime factors of i.
2, 13, 19
Suppose 0 = -64*w + 41674 + 364662. List the prime factors of w.
7, 907
Let u(s) = s**3 + s**2 - 54*s - 1. Let i be u(10). Suppose 3*r + 2 = r, 3*a - i = -2*r. What are the prime factors of a?
11, 17
Suppose 2*q + 178 = -5*p + 1934, -p - 2*q = -348. Let k = p - 344. List the prime factors of k.
2
Let d(z) = z**3 - z**2 - 21*z. Let s be d(-4). Suppose -3*c = -s*k + 1511 + 770, -20 = -4*c. List the prime factors of k.
2, 7, 41
What are the prime factors of 2 + -2 + (-13)/(-26)*8726?
4363
Let n(c) = -c**2 - 6*c. Let x be n(-6). Suppose -7*y - 69 + 27 = x. What are the prime factors of 6/3 + (4 - y)?
2, 3
Let j(q) = 18*q**3 + 3*q**2 + 2*q - 3. Let i be j(3). Suppose -414 = -2*z + i. What are the prime factors of z?
3, 5, 31
Let l = -45 + 97. Let s = l + 4. List the prime factors of (4 + (-16)/7)*s.
2, 3
Let t(v) = -v + 21. Let o be t(6). List the prime factors of 968/20 - o/(-25).
7
Let k be 0/2*-1 + 39. Suppose -44*t + 15 = -k*t. Suppose 12 = -n - t*i + 64, -4*i = -2*n + 114. List the prime factors of n.
5, 11
Suppose 2*u + 12*u + 154 = 0. Let g(m) = -2*m**3 - 16*m**2 - 56*m + 8. List the prime factors of g(u).
2, 3, 5
Suppose 679*o + 121467 = 2*k + 676*o, 0 = 5*k - 5*o - 303685. What are the prime factors of k?
2, 3, 2531
Suppose -3*n + 52 = 43. Let o be n + 271 - (-4)/(-2). Suppose 196 = 2*g - o. What are the prime factors of g?
2, 3, 13
Suppose -2*x - 5 = -6*x + 5*q, 0 = -5*x - q - 1. Suppose -3*w - 2*j - 1068 = w, x = 2*j + 8. What are the prime factors of (1 - w/10)/((-2)/(-4))?
5, 11
Suppose -2*y + 0 = -6. Let j(i) = -242 - 9*i + 476 - 238 + 67*i. What are the prime factors of j(y)?
2, 5, 17
Let j(a) = a**2 - 6*a + 4. Let w be j(6). Suppose 0 = -5*f + 5, 5*n - w*f = -333 - 91. Let p = -72 - n. List the prime factors of p.
2, 3
Let a = -1 + 1. Suppose 58*d + 26*d = -42*d + 63504. Suppose 6*i + a*i = d. List the prime factors of i.
2, 3, 7
Let h(l) = 5*l + 29. Let f be h(3). Suppose -f*j + 7912 + 22756 = 0. What are the prime factors of j?
17, 41
Suppose -4*l + 4 = -4*s + s, -3*s + 5 = 5*l. Let z be l - -151 - 11/11. Suppose 5*k - o = 117 + 25, z = 5*k + 2*o. List the prime factors of k.
29
Let j(v) = -v**3 + v + v**3 - 12 + v**3 - 9*v + 13*v**2. Let d be j(-6). Let h = d + -173. What are the prime factors of h?
5, 23
Let h = 5 - 5. Suppose h = x - 4*q - 119, 106 + 348 = 4*x - 5*q. Let j = x - 61. What are the prime factors of j?
2, 5
Let b = 54 - 54. List the prime factors of 420 - -6 - 6 - b.
2, 3, 5, 7
Let q = 3 + 143. Let m = -205 + q. Let b = -43 - m. List the prime factors of b.
2
Let g = 32725 - 16525. List the prime factors of g